 w(g) = g**2 + 44421*g - 2179038. Give w(49).
-8
Let n(s) = -46*s - 2364. Calculate n(-45).
-294
Let b(l) = 2*l**2 - 249*l - 7112. Determine b(147).
-497
Let o(k) = 7713*k + 24769. Determine o(-3).
1630
Let u(w) = 3*w**2 - 1962*w - 294850. What is u(-126)?
-10
Let p(o) = -1213*o + 94554. Calculate p(78).
-60
Let t(z) = -1805*z - 16188. Determine t(-9).
57
Let z(h) = h**3 - 66*h**2 + 21*h + 2328. Determine z(65).
-532
Let k(p) = 2*p**2 + 196*p - 3467. Calculate k(17).
443
Let h(z) = z**3 + 96*z**2 - 293*z + 2. What is h(-99)?
-394
Let r(v) = 678*v**2 - 4490*v + 7114. Determine r(4).
2
Let y(x) = -158030*x - 1106206. Calculate y(-7).
4
Let l(d) = 12*d**3 + 6*d**2 - 153*d - 680. What is l(-4)?
-740
Let p(y) = -4179*y - 2670385. Calculate p(-639).
-4
Let x(z) = -408*z + 35382. Determine x(84).
1110
Let y(k) = 2113*k + 10337. Determine y(-5).
-228
Let a(t) = t**3 + 80*t**2 + 1233*t - 628. What is a(-59)?
-274
Let j(r) = 83*r**2 + 894*r + 14. What is j(-10)?
-626
Let l(i) = 1181*i - 60225. Calculate l(51).
6
Let g(y) = 4845*y + 63093. What is g(-13)?
108
Let u(x) = -2*x**3 - 218*x**2 + 899*x + 8. Calculate u(4).
-12
Let y(m) = 9898*m + 29682. Determine y(-3).
-12
Let u(g) = -52*g**2 - 3481*g + 204. Calculate u(-67).
3
Let k(z) = -17862*z + 196428. What is k(11)?
-54
Let o(n) = -1489*n - 102761. What is o(-69)?
-20
Let m(v) = -3795*v - 64625. Give m(-17).
-110
Let r(w) = 14*w**2 - 924*w - 325453. Calculate r(-123).
5
Let u(b) = 2*b**2 - 510*b + 25460. Give u(68).
28
Let x(a) = -7456*a + 231135. Calculate x(31).
-1
Let s(j) = -2*j**2 + 1085*j + 154288. What is s(-117)?
-35
Let q(m) = 3*m**2 - 637*m + 7694. Determine q(13).
-80
Let u(n) = -8*n**3 + 431*n**2 + 54*n - 36. Give u(54).
-36
Let p(c) = -c**3 + 161*c**2 - 338*c + 3169. Determine p(159).
-11
Let p(w) = 2*w**3 - 61*w**2 + 178*w - 22. Calculate p(27).
-319
Let t(j) = 8*j**2 - 2566*j - 25673. What is t(-10)?
787
Let c(b) = -863*b + 1744. Give c(2).
18
Let q(r) = 53868*r - 6033219. Give q(112).
-3
Let z(c) = 6*c**2 - 1866*c - 3744. Calculate z(313).
12
Let y(f) = -707*f + 81314. Calculate y(115).
9
Let y(o) = -569*o - 27877. Give y(-49).
4
Let b(t) = 74*t**2 - 1153*t + 3466. Determine b(3).
673
Let k(l) = -85*l**3 + 3*l**2 + 13*l + 23. What is k(-2)?
689
Let u(m) = 76*m**2 + 22*m - 16. Calculate u(3).
734
Let l(x) = -563246*x + 3379429. Determine l(6).
-47
Let n(f) = 513*f - 848. Give n(1).
-335
Let o(m) = m**3 + 41*m**2 - 215*m - 5580. Determine o(-43).
-33
Let w(s) = 24*s + 1983. What is w(-59)?
567
Let x(b) = -3036*b - 21060. Calculate x(-7).
192
Let c(l) = l**3 - 9*l**2 + 9*l + 99. What is c(5)?
44
Let y(l) = -3*l**3 - 75*l**2 - 78*l - 435. Calculate y(-25).
1515
Let f(p) = 820*p + 17970. Calculate f(-22).
-70
Let w(r) = -4*r**3 + 333*r**2 - 102*r + 1141. Determine w(83).
-436
Let v(o) = -1441*o - 518733. What is v(-360)?
27
Let i(t) = -70*t**2 + 3*t + 28. Determine i(2).
-246
Let b(f) = 124*f - 17629. Calculate b(136).
-765
Let b(c) = 2*c**3 + 11*c**2 - 62*c - 270. Determine b(-7).
17
Let r(t) = -725*t - 39903. Determine r(-55).
-28
Let z(n) = -9819*n - 39241. Determine z(-4).
35
Let y(o) = 6*o**2 + 5647*o - 68208. Determine y(12).
420
Let j(o) = 23827*o + 42292932. Determine j(-1775).
7
Let z(c) = 4*c**3 - 16*c**2 - 178*c - 28. What is z(9)?
-10
Let d(s) = 8*s**3 + 1146*s**2 + 279*s - 1004. Give d(-143).
-3
Let o(m) = -2*m**3 + 236*m**2 + 1487*m + 190. Calculate o(124).
66
Let z(d) = -448*d + 45351. Determine z(101).
103
Let m(y) = -2*y**3 + 120*y**2 + 1727*y - 6. Give m(-12).
6
Let t(g) = -594*g**2 - 1279*g + 1281. Give t(1).
-592
Let w(a) = 193*a + 23079. What is w(-121)?
-274
Let z(y) = -y**3 - y**2 - 293*y - 2553. Calculate z(-8).
239
Let s(h) = -h**3 + 96*h**2 + 1026*h - 42186. Give s(102).
42
Let w(t) = -5570*t + 18474. Calculate w(4).
-3806
Let g(c) = -31792*c + 826615. Determine g(26).
23
Let f(h) = h**3 - 3*h**2 - 2924*h + 11677. Determine f(4).
-3
Let j(g) = 359681*g + 2517763. Give j(-7).
-4
Let o(r) = -76509*r + 764810. Determine o(10).
-280
Let i(b) = -663*b + 370632. What is i(559)?
15
Let r(p) = -2*p**3 + 10*p**2 + 522*p - 2609. Determine r(5).
1
Let c(d) = 28*d**2 + 1800*d + 5395. Calculate c(-3).
247
Let j(b) = 543*b + 23998. Calculate j(-44).
106
Let x(g) = 202540*g - 13975248. What is x(69)?
12
Let p(h) = -h**2 - 11156*h + 113. Give p(0).
113
Let l(u) = u**3 - 11*u**2 - 1243*u + 11352. Determine l(9).
3
Let v(g) = 2*g**3 - 767*g**2 + 9279*g - 1495. Give v(371).
-11
Let i(m) = 3681*m - 44193. Determine i(12).
-21
Let o(f) = f**2 + 604*f - 42167. Determine o(63).
-146
Let u(n) = -2*n**3 + 49*n**2 + 30*n - 763. Give u(25).
-638
Let k(h) = h**3 - 67*h**2 - 3030*h + 246. Give k(-31).
-2
Let a(s) = -180015*s - 360024. Give a(-2).
6
Let g(a) = -15196*a + 516700. Determine g(34).
36
Let m(r) = 38*r**3 + 3*r**2 - r + 9. Calculate m(2).
323
Let y(p) = 30*p**2 - 75*p - 631. Give y(-6).
899
Let n(h) = h**3 + 52*h**2 + 1569*h + 13077. Calculate n(-12).
9
Let p(i) = -7*i**2 + 308*i - 3415. What is p(20)?
-55
Let a(q) = -17522*q + 1279112. Calculate a(73).
6
Let s(h) = h**3 + 193*h**2 - 41*h - 7911. Determine s(-193).
2
Let f(i) = 334*i + 10713. What is f(-53)?
-6989
Let h(b) = b**3 - 85*b**2 - 414*b + 5169. Determine h(89).
7
Let p(o) = -2*o**3 + 1218*o**2 - 8454*o + 175. Determine p(7).
-7
Let w(c) = 2*c**3 - 102*c**2 + 131*c - 1495. Calculate w(50).
55
Let i(y) = 20465*y + 52206219. Give i(-2551).
4
Let o(d) = 11*d**2 + 1198*d - 51693. What is o(-142)?
-5
Let b(z) = z**3 - 635*z**2 - 3840*z + 44. Give b(-6).
8
Let h(f) = 163*f + 1419. What is h(-7)?
278
Let a(i) = 5*i**2 + 390*i + 6901. What is a(-21)?
916
Let z(i) = 29*i**3 - 28243*i**2 - 2935*i + 12671. What is z(974)?
9
Let a(m) = 639*m - 1598. Determine a(3).
319
Let v(z) = 19124*z + 15. Give v(0).
15
Let r(t) = 42*t**3 + 420*t**2 - 55*t - 565. Calculate r(-10).
-15
Let y(j) = -306*j - 15174. What is y(-49)?
-180
Let o(w) = -1634*w + 14563. Give o(9).
-143
Let m(x) = -2*x**2 - 54*x + 8486. Give m(53).
6
Let y(t) = -t**2 - 680*t + 14793. Calculate y(21).
72
Let h(k) = -141535*k - 566127. What is h(-4)?
13
Let o(a) = a**2 + 6609*a + 2599366. What is o(-420)?
-14
Let i(s) = s**3 + 94*s**2 - 367*s + 136. Give i(-98).
-2314
Let o(i) = -1117*i**2 - 1710*i + 39. What is o(-3)?
-4884
Let n(b) = 13955*b - 27928. Calculate n(2).
-18
Let u(v) = 10*v**3 - 1187*v**2 + 853*v - 3163. Give u(118).
23
Let b(a) = 2*a**2 + 1283*a - 270044. Determine b(167).
-5
Let m(n) = 3*n**3 + 77*n**2 - 429*n - 135. Calculate m(-30).
1035
Let b(w) = 33227*w + 1162939. What is b(-35)?
-6
Let d(b) = 2315*b - 171319. What is d(74)?
-9
Let i(n) = 2*n**3 + 38*n**2 + 13*n + 30. What is i(-17)?
965
Let i(m) = -2*m**3 + 67*m**2 - 264*m + 40. Give i(29).
-47
Let y(l) = -433*l - 494. Determine y(-2).
372
Let y(d) = -d**3 + 1463*d**2 + 7617*d - 406617. Determine y(1468).
19
Let w(q) = -29*q + 194. Give w(-39).
1325
Let a(d) = d**2 + 79*d - 1088. Give a(17).
544
Let b(f) = f**3 + 26*f**2 - 888*f - 3055. What is b(-44)?
1169
Let l(r) = -2*r**3 - 138*r**2 - 1541*r - 63. Give l(-14).
-49
Let s(m) = -222815*m - 3342246. Determine s(-15).
-21
Let i(l) = -5984*l - 23953. Determine i(-4).
-17
Let w(i) = -i**3 - 16*i**2 - 1333*i - 18330. Give w(-14).
-60
Let w(q) = -2023*q - 113705. Give w(-55).
-2440
Let z(l) = 742*l**2 - 319060*l + 14. Give z(430).
14
Let n(u) = 12084*u + 2247626. Calculate n(-186).
2
Let s(u) = 30*u**2 - 2603*u - 2618. Give s(-1).
15
Let z(i) = 12846*i - 25701. What is z(2)?
-9
Let l(q) = -q**3 + 83*q**2 + 1124*q - 180. Give l(-12).
12
Let a(m) = 548*m**3 + 13151*m**2 - 26*m + 14. Give a(-24).
62
Let a(m) = m**2 - 77*m - 1156. Determine a(-12).
-88
Let r(t) = 3*t**2 + 64*t - 1415. Determine r(-35).
20
Let a(t) = -1349974*t - 40499229. Determine a(-30).
-9
Let a(y) = -195*y - 1766. Give a(-4).
-986
Let a(n) = -130*n**2 + 642*n + 77. Determine a(5).
37
Let o(m) = -2175*m + 8494. Calculate o(4).
-206
Let z(h) = 47*h - 517. Determine z(-9).
-940
Let p(m) = -318*m + 9031. Calculate p(28).
127
Let u(w) = 32*w**2 - 50472*w - 342150. Determine u(1584).
-6
Let r(a) = -a**3 - 135*a**2 + 1265*a - 1. Determine r(9).
-280
Let z(c) = -49*c**2 + 1108*c + 18005. Calculate z(-11).
-112
Let w(h) = -1835*h + 55033. Determine w(30).
-17
Let z(o) = 5*o**2 + 353*o - 5166. Calcula